71
Let d(k) = 1995*k - 143682. Give d(72).
-42
Let n(z) = -30*z**2 + 4793*z + 1082. Determine n(160).
-38
Let b(c) = 5*c**3 - 88*c**2 + 76*c - 471. What is b(17)?
-46
Let y(u) = 43*u**2 + 2133*u + 3333. Calculate y(-48).
21
Let a(w) = -96*w + 8581. Calculate a(87).
229
Let h(m) = -1049*m**2 + 943*m + 943. Give h(-1).
-1049
Let c(i) = -2*i**2 - 213*i - 371. Give c(-93).
2140
Let y(q) = -q**3 - 6*q**2 + 80*q - 701. What is y(7)?
-778
Let i(l) = -203*l - 924. Calculate i(-4).
-112
Let z(m) = -m**3 + 106*m**2 - 334*m - 107. Give z(103).
-2682
Let d(n) = -85*n**3 + 9778*n**2 - 330*n - 1748. Give d(115).
-23
Let a(v) = 57*v**3 - 24*v**2 + 9*v - 24. What is a(2)?
354
Let f(j) = 4*j**3 - 69*j**2 + 263*j - 86. Determine f(7).
-254
Let y(p) = 417*p + 1652. Give y(-4).
-16
Let f(r) = 2*r**3 + 14*r**2 - 48497*r - 242577. Give f(-5).
8
Let t(r) = -31299*r - 219028. What is t(-7)?
65
Let w(y) = y**3 - 30*y**2 + 95*y - 988. Determine w(28).
104
Let h(o) = -165*o**2 + 723*o + 2859. Determine h(-4).
-2673
Let l(z) = -2744*z - 1374747. What is l(-501)?
-3
Let x(d) = 3*d**2 - 1567*d + 75033. What is x(469)?
-7
Let g(m) = -m**2 + 18949*m - 43. Give g(0).
-43
Let q(f) = 2*f**2 + 89*f - 1524. Give q(19).
889
Let y(g) = 102267*g - 2147588. Calculate y(21).
19
Let d(o) = -103*o**2 + 156. Calculate d(3).
-771
Let y(g) = -6584*g + 631916. Determine y(96).
-148
Let p(q) = -2*q**3 + 112*q**2 - 909*q - 57. Determine p(10).
53
Let n(d) = 3*d**3 - 567*d**2 - 537*d - 6268. What is n(190)?
2
Let a(h) = h**3 + 58*h**2 + 90*h + 5051. Determine a(-58).
-169
Let b(z) = -30*z**3 - 502*z**2 + 125*z - 122. What is b(-17)?
65
Let f(w) = 283*w**2 + 469*w + 196. Give f(-1).
10
Let n(b) = b**3 + 239*b**2 - 3562*b + 260. Calculate n(14).
-20
Let z(x) = 1756*x - 44951. What is z(23)?
-4563
Let l(r) = -r**3 + 47*r**2 - 623*r + 1806. What is l(4)?
2
Let d(b) = -b**2 - 120*b - 2380. What is d(-22)?
-224
Let w(x) = 1092*x - 202009. Determine w(185).
11
Let v(c) = c**3 + 29*c**2 + 119*c - 462. What is v(-23)?
-25
Let p(v) = v**3 + 128*v**2 + 41*v - 10925. What is p(-127)?
-3
Let t(i) = -5318*i + 10682. Give t(2).
46
Let b(s) = 8*s**3 - 5*s**2 - 801*s - 2349. Give b(-3).
-207
Let c(y) = -4*y**2 + 49475*y - 49475. What is c(1)?
-4
Let k(m) = 3*m**3 - 186*m**2 + 1666*m + 198. Calculate k(11).
11
Let n(w) = 113*w**2 - 617*w + 777. Calculate n(2).
-5
Let i(m) = -34633*m + 69303. Determine i(2).
37
Let s(h) = 45*h**2 + 346*h - 1039. Calculate s(-10).
1
Let a(t) = 10*t**2 - 62*t - 94. Calculate a(-1).
-22
Let l(w) = -2573*w - 82127. Give l(-32).
209
Let j(i) = i**3 + 5*i**2 + 6134*i + 36839. Determine j(-6).
-1
Let g(x) = -4*x**2 + 3*x + 1554. Calculate g(-29).
-1897
Let w(k) = k**2 + 96*k - 832. What is w(8)?
0
Let m(i) = -i**3 - 18*i**2 + 809*i + 11378. Calculate m(-13).
16
Let j(v) = 153*v**3 - 4*v**2 - 121*v + 246. Give j(2).
1212
Let t(w) = -w**2 + 27557*w + 165374. Calculate t(-6).
-4
Let r(q) = -10393*q - 20519. Give r(-2).
267
Let x(f) = 9*f**2 - 231*f + 1978. Determine x(10).
568
Let t(o) = -382*o**2 - 58*o + 44. Determine t(1).
-396
Let x(w) = 12719*w - 190769. Determine x(15).
16
Let m(a) = -a**3 - 87*a**2 - 1472*a - 94629. Determine m(-83).
-9
Let j(n) = -47*n - 39. Give j(-22).
995
Let c(n) = -2*n**2 - 54*n - 195. Give c(-30).
-375
Let a(z) = z**3 + 154*z**2 - 4702*z + 558. Calculate a(26).
-14
Let n(v) = v**3 - 315*v**2 - 3080*v - 1420. Calculate n(-9).
56
Let k(v) = v**2 + 380*v - 4723. Determine k(12).
-19
Let g(m) = 268665*m - 3. Give g(0).
-3
Let i(y) = 2*y**3 + 396*y**2 + 8055*y - 30. Give i(-23).
-145
Let o(p) = 4*p - 1817. What is o(534)?
319
Let p(u) = -2101*u**2 + 12616*u - 1. Determine p(6).
59
Let c(x) = 2*x**3 - 295*x**2 - 875*x + 107566. What is c(148)?
-30
Let g(y) = 82*y**2 + 915*y - 858. Give g(-12).
-30
Let d(m) = 186*m - 51160. Calculate d(272).
-568
Let i(q) = q**2 + 460*q - 84142. What is i(140)?
-142
Let l(n) = -936*n**2 - 268628*n + 1144. What is l(-287)?
-4
Let l(a) = -2*a**2 - 15*a + 10417. Calculate l(-76).
5
Let j(b) = 190*b**3 - 11*b**2 - 328*b - 612. What is j(-2)?
-1520
Let s(y) = -5*y**2 - 170*y - 1318. Give s(-18).
122
Let t(m) = -79694*m - 637549. Determine t(-8).
3
Let l(b) = 3*b**2 + 641*b + 26205. Calculate l(-54).
339
Let s(u) = -3*u**2 - 1109*u - 19832. Determine s(-19).
156
Let x(k) = -51*k**2 - 292*k + 11. What is x(-5)?
196
Let z(l) = -l**2 - 48*l - 506. Give z(-9).
-155
Let j(x) = -63*x**3 - 3151*x**2 - 50*x + 38. Calculate j(-50).
38
Let s(i) = i**3 - 20*i**2 + 47*i + 81. Determine s(14).
-437
Let m(f) = -8*f**2 - 160*f - 401. What is m(-17)?
7
Let v(l) = -6727*l - 53962. Give v(-8).
-146
Let i(j) = -128*j**2 + 43*j - 64. Determine i(2).
-490
Let v(l) = -l**3 - 163*l**2 - 868*l - 11785. Calculate v(-158).
539
Let c(d) = -d**3 - d**2 - 606*d - 7893. Determine c(-11).
-17
Let a(p) = 1485*p - 48994. Calculate a(33).
11
Let p(f) = 8*f**2 + 502*f - 132. Give p(-62).
-504
Let n(c) = -171*c - 562. Give n(-4).
122
Let r(v) = 2*v**3 - 245*v**2 + 2450*v + 39. What is r(11)?
6
Let w(m) = 2*m**2 - 148*m + 2334. Give w(51).
-12
Let d(j) = 2175*j - 1296361. Give d(596).
-61
Let v(p) = -p**3 + 91*p**2 + 10809*p + 356. Give v(159).
-121
Let j(i) = -i**2 - 164862*i + 824340. Give j(5).
5
Let d(x) = -29*x + 4229. What is d(147)?
-34
Let i(c) = -15*c**2 + 3122*c - 6587. Give i(206).
5
Let o(d) = -75446*d + 1358242. Calculate o(18).
214
Let n(g) = -7*g**2 + 84426*g + 84426. Give n(-1).
-7
Let s(d) = -d**3 - 86*d**2 + 271*d + 500. Calculate s(-89).
144
Let n(v) = -4*v**2 + 255*v - 295. What is n(63)?
-106
Let y(u) = u**3 - 55*u**2 - 191*u + 986. Give y(58).
0
Let h(k) = 7*k**3 - 9*k**2 - 28*k + 165. Determine h(4).
357
Let t(q) = -q**3 - 138*q**2 + 153*q + 1419. Calculate t(-139).
-527
Let m(n) = -267*n**3 - 2*n**2 + 12*n - 20. Give m(2).
-2140
Let p(c) = -14*c**2 + 8965*c - 8962. What is p(1)?
-11
Let l(r) = r**3 - 33*r**2 - 216*r - 72. What is l(39)?
630
Let r(f) = f**3 - 20*f**2 + 63*f + 172. Determine r(15).
-8
Let v(l) = 22689*l - 521838. Determine v(23).
9
Let x(a) = 1526*a + 32710. What is x(-21)?
664
Let l(f) = -220*f**2 - 6*f + 5. Give l(1).
-221
Let d(b) = -8*b**3 + 523*b**2 - 7651*b + 155. Determine d(22).
-219
Let v(p) = p**3 + 16*p**2 - 192*p + 313. Determine v(9).
610
Let c(u) = -u**3 - 34*u**2 + 557*u + 184. What is c(-46)?
-46
Let a(o) = -o**3 - 242*o + 2451. Calculate a(8).
3
Let c(h) = -2*h**3 + 10*h**2 - 3062*h + 18449. Calculate c(6).
5
Let b(p) = p**3 - 6*p**2 - 178*p + 1152. Determine b(13).
21
Let m(x) = -2*x**3 - 76*x**2 - 113*x - 2742. Calculate m(-38).
1552
Let f(n) = -2*n**3 - 123*n**2 + 7*n - 3553. Calculate f(-62).
-143
Let n(y) = -y**3 + 129*y**2 + 3311*y + 1653. Determine n(151).
-8
Let w(m) = -2*m**3 + 92*m**2 - 815*m - 7. What is w(12)?
5
Let q(z) = -500*z - 10057. What is q(-19)?
-557
Let i(w) = -5941*w - 5899421. Determine i(-993).
-8
Let g(t) = -t**3 - 64*t**2 - 103*t - 2463. Give g(-63).
57
Let r(g) = -g**2 - 223*g - 10529. Give r(-70).
181
Let z(y) = -y**3 - 163*y**2 - 1522*y + 1294. Determine z(-153).
70
Let z(c) = 657*c - 27438. Determine z(42).
156
Let n(d) = -398*d**2 + 196*d + 592. What is n(-3)?
-3578
Let g(u) = 19219*u - 269137. Determine g(14).
-71
Let g(a) = -20*a**3 - 118*a**2 - 38*a - 209. Determine g(-6).
91
Let t(p) = 254523*p - 14762328. Calculate t(58).
6
Let s(z) = 1834*z**2 + 177900*z + 302. Give s(-97).
108
Let i(m) = 1358*m - 381610. Calculate i(281).
-12
Let g(y) = 2*y**2 - 483*y + 28959. Determine g(131).
8
Let u(j) = -1043*j + 108106. What is u(104)?
-366
Let w(h) = 871296*h + 6099075. Determine w(-7).
3
Let u(x) = -12*x**2 - 2203*x - 1357. Calculate u(-183).
-76
Let u(a) = 3*a**2 - 493*a + 8810. What is u(142)?
-704
Let m(o) = -5417*o + 232915. Determine m(43).
-16
Let b(s) = -s**3 - 33*s**2 - 244*s - 611. Give b(-22).
-567
Let d(g) = -g**2 - 383*g + 38155. What is d(82)?
25
Let r(m) = 72517*m + 72531. Calculate r(-1).
14
Let p(m) = m**3 + 2*m**2 + 79*m + 250. What is p(-3)?
4
Let b(g) = -7*g - 1468. Determine b(-135).
-523
Let r(b) = 109*b**2 + 267177*b + 44112. Give r(-2451).
-6
Let s(z) = 1120*z + 3047. What is s(-3)?
-313
Let d(q) = 6*q**3 + 30*q**2 + 85*q - 9. What is d(-4)?
-253
Let g(j) = -j**3 + 21*j**2 - 98*j + 262. Give g(16).
-26
Let l(b) = -5181*b - 10312. Determine l(-2).
50
Let b(k) = -k